2
Calculate the remainder when 196669 is divided by 8192.
61
Calculate the remainder when 168569 is divided by 14047.
5
What is the remainder when 18993 is divided by 145?
143
Calculate the remainder when 1120 is divided by 387.
346
Calculate the remainder when 28796 is divided by 53.
17
What is the remainder when 16680 is divided by 38?
36
What is the remainder when 1714 is divided by 22?
20
What is the remainder when 34447 is divided by 347?
94
What is the remainder when 8483 is divided by 119?
34
Calculate the remainder when 7771 is divided by 144.
139
Calculate the remainder when 378613 is divided by 126202.
7
What is the remainder when 585708 is divided by 16?
12
Calculate the remainder when 81014 is divided by 16184.
94
What is the remainder when 85258 is divided by 155?
8
Calculate the remainder when 99165 is divided by 49525.
115
What is the remainder when 187 is divided by 98?
89
Calculate the remainder when 6479 is divided by 2356.
1767
What is the remainder when 4028 is divided by 1406?
1216
Calculate the remainder when 1732 is divided by 293.
267
What is the remainder when 17361 is divided by 52?
45
What is the remainder when 12230 is divided by 28?
22
Calculate the remainder when 659480 is divided by 579.
578
What is the remainder when 648 is divided by 167?
147
Calculate the remainder when 509 is divided by 403.
106
What is the remainder when 199 is divided by 135?
64
What is the remainder when 4026 is divided by 46?
24
Calculate the remainder when 1092 is divided by 236.
148
What is the remainder when 4115 is divided by 127?
51
What is the remainder when 550196 is divided by 1048?
1044
Calculate the remainder when 40403 is divided by 295.
283
What is the remainder when 21585 is divided by 469?
11
What is the remainder when 40746 is divided by 50?
46
What is the remainder when 26269 is divided by 3743?
68
What is the remainder when 61953 is divided by 37?
15
What is the remainder when 1807 is divided by 845?
117
What is the remainder when 16137 is divided by 989?
313
What is the remainder when 76111 is divided by 12684?
7
What is the remainder when 97364 is divided by 48?
20
What is the remainder when 1333844 is divided by 1119?
1115
What is the remainder when 2248046 is divided by 583?
581
What is the remainder when 1406715 is divided by 468903?
6
What is the remainder when 157877 is divided by 69?
5
What is the remainder when 4879 is divided by 4817?
62
What is the remainder when 6022 is divided by 2991?
40
What is the remainder when 87233 is divided by 1896?
17
What is the remainder when 2357 is divided by 1125?
107
Calculate the remainder when 45589 is divided by 1981.
26
Calculate the remainder when 480 is divided by 33.
18
Calculate the remainder when 22086 is divided by 1052.
1046
What is the remainder when 4214 is divided by 4187?
27
What is the remainder when 4433 is divided by 350?
233
Calculate the remainder when 175009 is divided by 9.
4
What is the remainder when 148613 is divided by 13505?
58
Calculate the remainder when 200732 is divided by 486.
14
What is the remainder when 1580 is divided by 45?
5
What is the remainder when 7910 is divided by 1344?
1190
What is the remainder when 3698 is divided by 64?
50
Calculate the remainder when 19717 is divided by 7.
5
Calculate the remainder when 752613 is divided by 12.
9
Calculate the remainder when 3604 is divided by 449.
12
What is the remainder when 1213 is divided by 243?
241
Calculate the remainder when 1818 is divided by 310.
268
What is the remainder when 52627 is divided by 118?
117
What is the remainder when 412534 is divided by 217?
17
What is the remainder when 93837 is divided by 124?
93
Calculate the remainder when 2276 is divided by 119.
15
Calculate the remainder when 2071 is divided by 41.
21
Calculate the remainder when 91748 is divided by 257.
256
Calculate the remainder when 1636068 is divided by 470.
468
What is the remainder when 1736 is divided by 508?
212
What is the remainder when 2309 is divided by 230?
9
Calculate the remainder when 470816 is divided by 96.
32
What is the remainder when 3846085 is divided by 383?
382
What is the remainder when 1021 is divided by 484?
53
Calculate the remainder when 137796 is divided by 9840.
36
What is the remainder when 14762377 is divided by 830?
827
Calculate the remainder when 1093576 is divided by 12427.
0
Calculate the remainder when 8903 is divided by 1735.
228
What is the remainder when 3663 is divided by 217?
191
Calculate the remainder when 117802 is divided by 3.
1
Calculate the remainder when 9835 is divided by 4911.
13
Calculate the remainder when 19736 is divided by 365.
26
Calculate the remainder when 72223 is divided by 9.
7
What is the remainder when 140974 is divided by 18?
16
Calculate the remainder when 486 is divided by 81.
0
Calculate the remainder when 18904 is divided by 1332.
256
What is the remainder when 854 is divided by 47?
8
What is the remainder when 240052 is divided by 6001?
12
Calculate the remainder when 3013450 is divided by 691.
690
What is the remainder when 22575 is divided by 106?
103
Calculate the remainder when 4518 is divided by 289.
183
What is the remainder when 272609 is divided by 4?
1
Calculate the remainder when 4823 is divided by 112.
7
Calculate the remainder when 9367 is divided by 4571.
225
Calculate the remainder when 21525 is divided by 860.
25
What is the remainder when 3486 is divided by 624?
366
Calculate the remainder when 65567 is divided by 181.
45
Calculate the remainder when 20989 is divided by 61.
5
What is the remainder when 9390 is divided by 162?
156
Calculate the remainder when 4649 is divided by 33.
29
Calculate the remainder when 18397 is divided by 6110.
67
What is the remainder when 26876 is divided by 211?
79
What is the remainder when 713351 is divided by 2?
1
What is the remainder when 136928 is divided by 19560?
8
Calculate the remainder when 3788 is divided by 119.
99
Calculate the remainder when 204 is divided by 133.
71
What is the remainder when 4649429 is divided by 289?
286
What is the remainder when 31504 is divided by 485?
464
What is the remainder when 10695 is divided by 2136?
15
What is the remainder when 18121 is divided by 119?
33
Calculate the remainder when 8085 is divided by 7.
0
Calculate the remainder when 1969302 is divided by 65.
62
What is the remainder when 5131 is divided by 109?
8
Calculate the remainder when 15274 is divided by 186.
22
What is the remainder when 20519 is divided by 6692?
443
Calculate the remainder when 10202 is divided by 378.
374
Calculate the remainder when 1263247 is divided by 13.
11
Calculate the remainder when 215928 is divided by 29.
23
Calculate the remainder when 758 is divided by 629.
129
Calculate the remainder when 6463 is divided by 528.
127
What is the remainder when 37761 is divided by 18862?
37
Calculate the remainder when 217983 is divided by 104.
103
What is the remainder when 2752 is divided by 2695?
57
What is the remainder when 1181216 is divided by 67?
6
What is the remainder when 33890 is divided by 1884?
1862
What is the remainder when 248 is divided by 18?
14
Calculate the remainder when 5801 is divided by 1443.
29
What is the remainder when 846 is divided by 238?
132
Calculate the remainder when 65193 is divided by 7.
2
Calculate the remainder when 5779025 is divided by 9.
8
Calculate the remainder when 2359 is divided by 726.
181
What is the remainder when 164369 is divided by 15?
14
Calculate the remainder when 38855 is divided by 498.
11
Calculate the remainder when 19766 is divided by 3290.
26
Calculate the remainder when 25573 is divided by 19.
18
What is the remainder when 30840 is divided by 147?
117
What is the remainder when 81903 is divided by 103?
18
What is the remainder when 387 is divided by 204?
183
Calculate the remainder when 81764 is divided by 172.
64
Calculate the remainder when 3900 is divided by 500.
400
Calculate the remainder when 12513 is divided by 4155.
48
What is the remainder when 5160 is divided by 505?
110
Calculate the remainder when 1322 is divided by 19.
11
What is the remainder when 2142 is divided by 967?
208
What is the remainder when 1288 is divided by 520?
248
What is the remainder when 381782 is divided by 1312?
1302
Calculat